{"id":21921,"date":"2023-09-29T13:55:54","date_gmt":"2023-09-29T10:55:54","guid":{"rendered":"https:\/\/energyefficiencymovement.com\/faq\/"},"modified":"2025-08-05T17:45:29","modified_gmt":"2025-08-05T14:45:29","slug":"faq","status":"publish","type":"page","link":"https:\/\/energyefficiencymovement.com\/fr\/faq\/","title":{"rendered":"FAQ"},"content":{"rendered":"\n<p><strong>Q : Comment puis-je rejoindre le Mouvement?<\/strong><\/p>\n\n<p>R : Il suffit de remplir le <a href=\"https:\/\/energyefficiencymovement.com\/join-form\/\">formulaire &#8220;Rejoignez le mouvement&#8221;.<\/a><\/p>\n\n<p><\/p>\n\n<p><strong>Q : Comment puis-je publier mes articles sur l&#8217;efficacit\u00e9 \u00e9nerg\u00e9tique sur ce site web ?<\/strong><\/p>\n\n<p>R : Une fois que vous \u00eates devenu Mover, vous pouvez remplir ce formulaire pour envoyer votre solution pour publication <a href=\"https:\/\/energyefficiencymovement.com\/movers-solutions\/\">: https:\/\/energyefficiencymovement.com\/movers-solutions\/<\/a><\/p>\n\n<p><\/p>\n\n<p><strong>Q : Je suis un particulier et non une organisation. Comment puis-je rejoindre le Mouvement ? <\/strong><\/p>\n\n<p>R : Pour l&#8217;instant, seules les organisations peuvent adh\u00e9rer au Mouvement.<\/p>\n\n<p><\/p>\n\n<p><strong>Q : Je ne veux pas que ma promesse soit publi\u00e9e. Puis-je rejoindre le Mouvement ? <\/strong><\/p>\n\n<p>R : L&#8217;objectif du Mouvement pour l&#8217;efficacit\u00e9 \u00e9nerg\u00e9tique est de rassembler toutes les parties prenantes pour qu&#8217;elles agissent en faveur de l&#8217;efficacit\u00e9 \u00e9nerg\u00e9tique. L&#8217;engagement public est un moyen essentiel de sensibiliser et d&#8217;inciter \u00e0 l&#8217;action, et c&#8217;est une condition n\u00e9cessaire pour adh\u00e9rer au mouvement.<\/p>\n\n<p><\/p>\n\n<p><strong>Q : Existe-t-il des m\u00e9canismes de contr\u00f4le permettant de v\u00e9rifier si les Movers respectent leur engagement ?<\/strong><\/p>\n\n<p>R : Les Movers sont responsables du suivi de leurs progr\u00e8s. Le Mouvement est un centre d&#8217;\u00e9change de connaissances, de promotion de l&#8217;efficacit\u00e9 \u00e9nerg\u00e9tique et de sensibilisation. Chaque participant est enti\u00e8rement responsable de son engagement.<\/p>\n\n<p><\/p>\n\n<p><strong>Q : L&#8217;adh\u00e9sion au ouvement co\u00fbte-t-elle quelque chose ?<\/strong><\/p>\n\n<p>R : Actuellement, il n&#8217;y a pas de frais d&#8217;inscription pour devenir Mover. Les entreprises qui souhaitent adh\u00e9rer en tant qu&#8217;Active Mover ou Core Mover sont invit\u00e9es \u00e0 v\u00e9rifier les conditions d&#8217;adh\u00e9sion et les co\u00fbts d\u00e9crits ici <a href=\"https:\/\/energyefficiencymovement.com\/movers-categories\/\">: https:\/\/energyefficiencymovement.com\/movers-categories\/<\/a><\/p>\n\n<p><\/p>\n\n<p><strong>Q : J&#8217;ai plusieurs partenaires dans mon \u00e9cosyst\u00e8me qui souhaitent me rejoindre. Quel est le moyen le plus simple pour eux de participer au Mouvement ?<\/strong><\/p>\n\n<p>R : De la m\u00eame mani\u00e8re que vous l&#8217;avez fait, en remplissant le <a href=\"https:\/\/energyefficiencymovement.com\/join-form\/\">formulaire &#8220;Rejoignez le mouvement&#8221;.<\/a><\/p>\n\n<p><\/p>\n\n<p><strong>Q : Qui est \u00e0 l&#8217;origine de ce Mouvement ?<\/strong><\/p>\n\n<p>R : Le Mouvement a \u00e9t\u00e9 lanc\u00e9 par ABB en mars 2021 et est devenu une association en mai 2024. ABB et Alfa Laval sont des membres fondateurs de l&#8217;association.<\/p>\n\n<p><\/p>\n\n<p><strong>Q : Pourquoi l&#8217;EEM est-il enregistr\u00e9 dans le registre de transparence de l&#8217;UE ?<\/strong><\/p>\n\n<p>R : Le GEE s&#8217;est inscrit au registre de transparence de l&#8217;UE (num\u00e9ro REG : 365376396312-27) pour d\u00e9montrer son engagement \u00e0 l&#8217;ouverture et \u00e0 l&#8217;int\u00e9grit\u00e9 conform\u00e9ment \u00e0 ses statuts et \u00e0 son code de conduite et pour permettre au GEE de partager ses connaissances et son exp\u00e9rience afin de promouvoir des solutions et des technologies efficaces sur le plan \u00e9nerg\u00e9tique et d&#8217;acc\u00e9l\u00e9rer la transition vers des \u00e9conomies efficaces sur le plan \u00e9nerg\u00e9tique. En outre, en 2025, l&#8217;EEM a eu le privil\u00e8ge d&#8217;\u00eatre le partenaire de la 10e conf\u00e9rence de l&#8217;AIE sur l&#8217;efficacit\u00e9 \u00e9nerg\u00e9tique, aux c\u00f4t\u00e9s de la Commission europ\u00e9enne.<\/p>\n","protected":false},"excerpt":{"rendered":"<p>Q : Comment puis-je rejoindre le Mouvement? R : Il suffit de remplir le formulaire &#8220;Rejoignez le mouvement&#8221;. Q : Comment puis-je publier mes articles sur l&#8217;efficacit\u00e9 \u00e9nerg\u00e9tique sur ce site web ? R : Une fois que vous \u00eates devenu Mover, vous pouvez remplir ce formulaire pour envoyer votre solution pour publication : https:\/\/energyefficiencymovement.com\/movers-solutions\/ [&#8230;]<\/p>\n<p><a class=\"btn btn-secondary understrap-read-more-link\" href=\"https:\/\/energyefficiencymovement.com\/fr\/faq\/\">Lire la suite&#8230;<\/a><\/p>\n","protected":false},"author":1,"featured_media":0,"parent":0,"menu_order":0,"comment_status":"closed","ping_status":"closed","template":"","meta":{"_acf_changed":false,"_monsterinsights_skip_tracking":false,"_monsterinsights_sitenote_active":false,"_monsterinsights_sitenote_note":"","_monsterinsights_sitenote_category":0,"footnotes":""},"class_list":["post-21921","page","type-page","status-publish","hentry"],"acf":[],"_links":{"self":[{"href":"https:\/\/energyefficiencymovement.com\/fr\/wp-json\/wp\/v2\/pages\/21921","targetHints":{"allow":["GET"]}}],"collection":[{"href":"https:\/\/energyefficiencymovement.com\/fr\/wp-json\/wp\/v2\/pages"}],"about":[{"href":"https:\/\/energyefficiencymovement.com\/fr\/wp-json\/wp\/v2\/types\/page"}],"author":[{"embeddable":true,"href":"https:\/\/energyefficiencymovement.com\/fr\/wp-json\/wp\/v2\/users\/1"}],"replies":[{"embeddable":true,"href":"https:\/\/energyefficiencymovement.com\/fr\/wp-json\/wp\/v2\/comments?post=21921"}],"version-history":[{"count":0,"href":"https:\/\/energyefficiencymovement.com\/fr\/wp-json\/wp\/v2\/pages\/21921\/revisions"}],"wp:attachment":[{"href":"https:\/\/energyefficiencymovement.com\/fr\/wp-json\/wp\/v2\/media?parent=21921"}],"curies":[{"name":"wp","href":"https:\/\/api.w.org\/{rel}","templated":true}]}}

<p><strong>Q : Comment puis-je rejoindre le Mouvement?</strong></p>

<p>R : Il suffit de remplir le <a href="https://energyefficiencymovement.com/join-form/">formulaire &#8220;Rejoignez le mouvement&#8221;.</a></p>

<p></p>

<p><strong>Q : Comment puis-je publier mes articles sur l&#8217;efficacité énergétique sur ce site web ?</strong></p>

<p>R : Une fois que vous êtes devenu Mover, vous pouvez remplir ce formulaire pour envoyer votre solution pour publication <a href="https://energyefficiencymovement.com/movers-solutions/">: https://energyefficiencymovement.com/movers-solutions/</a></p>

<p></p>

<p><strong>Q : Je suis un particulier et non une organisation. Comment puis-je rejoindre le Mouvement ? </strong></p>

<p>R : Pour l&#8217;instant, seules les organisations peuvent adhérer au Mouvement.</p>

<p></p>

<p><strong>Q : Je ne veux pas que ma promesse soit publiée. Puis-je rejoindre le Mouvement ? </strong></p>

<p>R : L&#8217;objectif du Mouvement pour l&#8217;efficacité énergétique est de rassembler toutes les parties prenantes pour qu&#8217;elles agissent en faveur de l&#8217;efficacité énergétique. L&#8217;engagement public est un moyen essentiel de sensibiliser et d&#8217;inciter à l&#8217;action, et c&#8217;est une condition nécessaire pour adhérer au mouvement.</p>

<p></p>

<p><strong>Q : Existe-t-il des mécanismes de contrôle permettant de vérifier si les Movers respectent leur engagement ?</strong></p>

<p>R : Les Movers sont responsables du suivi de leurs progrès. Le Mouvement est un centre d&#8217;échange de connaissances, de promotion de l&#8217;efficacité énergétique et de sensibilisation. Chaque participant est entièrement responsable de son engagement.</p>

<p></p>

<p><strong>Q : L&#8217;adhésion au ouvement coûte-t-elle quelque chose ?</strong></p>

<p>R : Actuellement, il n&#8217;y a pas de frais d&#8217;inscription pour devenir Mover. Les entreprises qui souhaitent adhérer en tant qu&#8217;Active Mover ou Core Mover sont invitées à vérifier les conditions d&#8217;adhésion et les coûts décrits ici <a href="https://energyefficiencymovement.com/movers-categories/">: https://energyefficiencymovement.com/movers-categories/</a></p>

<p></p>

<p><strong>Q : J&#8217;ai plusieurs partenaires dans mon écosystème qui souhaitent me rejoindre. Quel est le moyen le plus simple pour eux de participer au Mouvement ?</strong></p>

<p>R : De la même manière que vous l&#8217;avez fait, en remplissant le <a href="https://energyefficiencymovement.com/join-form/">formulaire &#8220;Rejoignez le mouvement&#8221;.</a></p>

<p></p>

<p><strong>Q : Qui est à l&#8217;origine de ce Mouvement ?</strong></p>

<p>R : Le Mouvement a été lancé par ABB en mars 2021 et est devenu une association en mai 2024. ABB et Alfa Laval sont des membres fondateurs de l&#8217;association.</p>

<p></p>

<p><strong>Q : Pourquoi l&#8217;EEM est-il enregistré dans le registre de transparence de l&#8217;UE ?</strong></p>

<p>R : Le GEE s&#8217;est inscrit au registre de transparence de l&#8217;UE (numéro REG : 365376396312-27) pour démontrer son engagement à l&#8217;ouverture et à l&#8217;intégrité conformément à ses statuts et à son code de conduite et pour permettre au GEE de partager ses connaissances et son expérience afin de promouvoir des solutions et des technologies efficaces sur le plan énergétique et d&#8217;accélérer la transition vers des économies efficaces sur le plan énergétique. En outre, en 2025, l&#8217;EEM a eu le privilège d&#8217;être le partenaire de la 10e conférence de l&#8217;AIE sur l&#8217;efficacité énergétique, aux côtés de la Commission européenne.</p>

<p>Q : Comment puis-je rejoindre le Mouvement? R : Il suffit de remplir le formulaire &#8220;Rejoignez le mouvement&#8221;. Q : Comment puis-je publier mes articles sur l&#8217;efficacité énergétique sur ce site web ? R : Une fois que vous êtes devenu Mover, vous pouvez remplir ce formulaire pour envoyer votre solution pour publication : https://energyefficiencymovement.com/movers-solutions/ [&#8230;]</p>
<p><a class="btn btn-secondary understrap-read-more-link" href="https://energyefficiencymovement.com/fr/faq/">Lire la suite&#8230;</a></p>
